{"id":235,"date":"2025-10-01T06:31:50","date_gmt":"2025-10-01T06:31:50","guid":{"rendered":"https:\/\/notreatoutcestmenou.fr\/?page_id=235"},"modified":"2025-10-01T07:52:57","modified_gmt":"2025-10-01T07:52:57","slug":"mentions-legales","status":"publish","type":"page","link":"https:\/\/notreatoutcestmenou.fr\/?page_id=235","title":{"rendered":"Mentions l\u00e9gales"},"content":{"rendered":"\n<!-- Script pour Tailwind CSS, n\u00e9cessaire pour le design -->\n<script src=\"https:\/\/cdn.tailwindcss.com\"><\/script>\n\n<!-- Importation de la police Montserrat depuis Google Fonts, conform\u00e9ment \u00e0 l'identit\u00e9 visuelle -->\n<link rel=\"preconnect\" href=\"https:\/\/fonts.googleapis.com\">\n<link rel=\"preconnect\" href=\"https:\/\/fonts.gstatic.com\" crossorigin>\n<link href=\"https:\/\/fonts.googleapis.com\/css2?family=Montserrat:wght@400;500;700&#038;display=swap\" rel=\"stylesheet\">\n\n<!-- Styles sp\u00e9cifiques au bloc pour \u00e9viter les conflits avec le th\u00e8me WordPress -->\n<style>\n    \/* Classe d'encapsulation pour appliquer les styles uniquement \u00e0 ce bloc *\/\n    .nacm-mentions-wrapper {\n        font-family: 'Montserrat', sans-serif;\n        -webkit-font-smoothing: antialiased;\n        -moz-osx-font-smoothing: grayscale;\n        color: #1f2937; \/* Correspond \u00e0 text-gray-800 *\/\n    }\n    \/* Styles pour les titres de section *\/\n    .nacm-mentions-wrapper h2 {\n        font-size: 1.875rem;\n        font-weight: 700;\n        margin-top: 2.5rem;\n        margin-bottom: 1.5rem;\n        padding-bottom: 0.5rem;\n        border-bottom: 2px solid;\n    }\n    \/* Styles pour les sous-titres dans les cartes *\/\n    .nacm-mentions-wrapper h3 {\n        font-size: 1.25rem;\n        font-weight: 500;\n        display: flex;\n        align-items: center;\n        gap: 0.75rem;\n    }\n    \/* Style pour les liens pour s'assurer qu'ils utilisent la bonne couleur *\/\n    .nacm-mentions-wrapper a {\n        color: #0c6aa7; \/* Bleu dynamique *\/\n        text-decoration: none;\n        transition: text-decoration 0.2s ease-in-out;\n    }\n    .nacm-mentions-wrapper a:hover {\n        text-decoration: underline;\n    }\n<\/style>\n\n<!-- D\u00e9but du bloc de contenu \u00e0 int\u00e9grer -->\n<div class=\"nacm-mentions-wrapper\">\n    <div style=\"max-width: 896px; margin-left: auto; margin-right: auto; padding: 24px;\">\n        \n        <!-- En-t\u00eate principal de la page, utilisant le bleu dynamique de l'identit\u00e9 visuelle -->\n        <header style=\"text-align: center; margin-bottom: 48px;\">\n            <h1 style=\"font-size: 1.875rem; md:font-size: 2.25rem; font-weight: 700; color: #0c6aa7;\">Mentions L\u00e9gales &#038; Politique de Confidentialit\u00e9<\/h1>\n            <p style=\"margin-top: 8px; color: #6b7280;\">Informations l\u00e9gales concernant le site www.notreatoutcestmenou.fr<\/p>\n        <\/header>\n\n        <main>\n            <!-- Section des Mentions L\u00e9gales -->\n            <section id=\"mentions-legales\">\n                <h2 style=\"color: #0c6aa7; border-bottom-color: #0c6aa7;\">Mentions L\u00e9gales<\/h2>\n                \n                <!-- Carte pour l'\u00e9dition du site -->\n                <div style=\"background-color: #ffffff; padding: 24px; border-radius: 8px; box-shadow: 0 1px 3px 0 rgba(0, 0, 0, 0.1), 0 1px 2px 0 rgba(0, 0, 0, 0.06); margin-bottom: 24px; border: 1px solid #f3f4f6;\">\n                    <h3>\n                        <!-- Ic\u00f4ne SVG pour l'\u00e9dition -->\n                        <svg xmlns=\"http:\/\/www.w3.org\/2000\/svg\" width=\"24\" height=\"24\" viewBox=\"0 0 24 24\" fill=\"none\" stroke=\"#0c6aa7\" stroke-width=\"2\" stroke-linecap=\"round\" stroke-linejoin=\"round\"><path d=\"M17 3a2.828 2.828 0 1 1 4 4L7.5 20.5 2 22l1.5-5.5L17 3z\"><\/path><\/svg>\n                        1. \u00c9dition du site\n                    <\/h3>\n                    <div style=\"margin-top: 16px; padding-left: 40px; color: #4b5563;\">\n                        <p style=\"margin-bottom: 8px;\">Le site <a href=\"http:\/\/www.notreatoutcestmenou.fr\">www.notreatoutcestmenou.fr<\/a> est \u00e9dit\u00e9 par le collectif citoyen \u00ab Notre atout, c\u2019est Menou \u00bb.<\/p>\n                        <p style=\"margin-bottom: 8px;\"><strong>Responsable de la publication :<\/strong><br>\n                        Monsieur J\u00e9r\u00e9my DEL BONTA<br>\n                        7 Rue Dom P\u00e9rignon<br>\n                        51800 Sainte-Menehould<\/p>\n                        <p style=\"font-size: 0.875rem; font-style: italic; color: #6b7280;\">Note : En tant que responsable de la publication par int\u00e9rim, cette mention sera mise \u00e0 jour d\u00e8s la d\u00e9signation officielle de la t\u00eate de liste du collectif.<\/p>\n                    <\/div>\n                <\/div>\n\n                <!-- Carte pour l'h\u00e9bergement du site -->\n                <div style=\"background-color: #ffffff; padding: 24px; border-radius: 8px; box-shadow: 0 1px 3px 0 rgba(0, 0, 0, 0.1), 0 1px 2px 0 rgba(0, 0, 0, 0.06); margin-bottom: 24px; border: 1px solid #f3f4f6;\">\n                    <h3>\n                        <!-- Ic\u00f4ne SVG pour le serveur -->\n                        <svg xmlns=\"http:\/\/www.w3.org\/2000\/svg\" width=\"24\" height=\"24\" viewBox=\"0 0 24 24\" fill=\"none\" stroke=\"#0c6aa7\" stroke-width=\"2\" stroke-linecap=\"round\" stroke-linejoin=\"round\"><rect x=\"2\" y=\"2\" width=\"20\" height=\"8\" rx=\"2\" ry=\"2\"><\/rect><rect x=\"2\" y=\"14\" width=\"20\" height=\"8\" rx=\"2\" ry=\"2\"><\/rect><line x1=\"6\" y1=\"6\" x2=\"6.01\" y2=\"6\"><\/line><line x1=\"6\" y1=\"18\" x2=\"6.01\" y2=\"18\"><\/line><\/svg>\n                        2. H\u00e9bergement du site\n                    <\/h3>\n                    <div style=\"margin-top: 16px; padding-left: 40px; color: #4b5563;\">\n                        <p style=\"margin-bottom: 8px;\">Le site est h\u00e9berg\u00e9 par : <strong>OVH SAS<\/strong><\/p>\n                        <p><strong>Adresse :<\/strong> 2 rue Kellermann \u2013 59100 Roubaix, France<br>\n                        <strong>T\u00e9l\u00e9phone :<\/strong> 1007<br>\n                        <strong>Site web :<\/strong> <a href=\"https:\/\/www.ovh.com\" target=\"_blank\" rel=\"noopener noreferrer\">www.ovh.com<\/a><\/p>\n                    <\/div>\n                <\/div>\n\n                <!-- Carte pour la propri\u00e9t\u00e9 intellectuelle -->\n                <div style=\"background-color: #ffffff; padding: 24px; border-radius: 8px; box-shadow: 0 1px 3px 0 rgba(0, 0, 0, 0.1), 0 1px 2px 0 rgba(0, 0, 0, 0.06); margin-bottom: 24px; border: 1px solid #f3f4f6;\">\n                    <h3>\n                        <!-- Ic\u00f4ne SVG pour le droit d'auteur -->\n                        <svg xmlns=\"http:\/\/www.w3.org\/2000\/svg\" width=\"24\" height=\"24\" viewBox=\"0 0 24 24\" fill=\"none\" stroke=\"#0c6aa7\" stroke-width=\"2\" stroke-linecap=\"round\" stroke-linejoin=\"round\"><circle cx=\"12\" cy=\"12\" r=\"10\"><\/circle><circle cx=\"12\" cy=\"12\" r=\"4\"><\/circle><line x1=\"1.46\" y1=\"1.46\" x2=\"4.54\" y2=\"4.54\"><\/line><line x1=\"19.46\" y1=\"19.46\" x2=\"22.54\" y2=\"22.54\"><\/line><line x1=\"1.46\" y1=\"22.54\" x2=\"4.54\" y2=\"19.46\"><\/line><line x1=\"19.46\" y1=\"4.54\" x2=\"22.54\" y2=\"1.46\"><\/line><\/svg>\n                        3. Propri\u00e9t\u00e9 intellectuelle\n                    <\/h3>\n                    <div style=\"margin-top: 16px; padding-left: 40px; color: #4b5563;\">\n                        <p style=\"margin-bottom: 8px;\">L\u2019ensemble de ce site (contenus, textes, images, vid\u00e9os et tout autre m\u00e9dia) est la propri\u00e9t\u00e9 exclusive du collectif \u00ab Notre atout, c\u2019est Menou \u00bb ou des parties dont il a \u00e9t\u00e9 obtenu le droit d\u2019utilisation, et est prot\u00e9g\u00e9 par la l\u00e9gislation fran\u00e7aise et internationale sur le droit d\u2019auteur et la propri\u00e9t\u00e9 intellectuelle.<\/p>\n                        <p>Toute reproduction, repr\u00e9sentation, modification, publication, adaptation de tout ou partie des \u00e9l\u00e9ments du site, quel que soit le moyen ou le proc\u00e9d\u00e9 utilis\u00e9, est interdite, sauf autorisation \u00e9crite pr\u00e9alable du responsable de la publication.<\/p>\n                    <\/div>\n                <\/div>\n\n                <!-- Carte pour la limite de responsabilit\u00e9 -->\n                <div style=\"background-color: #ffffff; padding: 24px; border-radius: 8px; box-shadow: 0 1px 3px 0 rgba(0, 0, 0, 0.1), 0 1px 2px 0 rgba(0, 0, 0, 0.06); border: 1px solid #f3f4f6;\">\n                    <h3>\n                        <!-- Ic\u00f4ne SVG pour l'avertissement -->\n                        <svg xmlns=\"http:\/\/www.w3.org\/2000\/svg\" width=\"24\" height=\"24\" viewBox=\"0 0 24 24\" fill=\"none\" stroke=\"#0c6aa7\" stroke-width=\"2\" stroke-linecap=\"round\" stroke-linejoin=\"round\"><path d=\"m21.73 18-8-14a2 2 0 0 0-3.46 0l-8 14A2 2 0 0 0 4 21h16a2 2 0 0 0 1.73-3Z\"><\/path><line x1=\"12\" y1=\"9\" x2=\"12\" y2=\"13\"><\/line><line x1=\"12\" y1=\"17\" x2=\"12.01\" y2=\"17\"><\/line><\/svg>\n                        4. Limite de responsabilit\u00e9\n                    <\/h3>\n                    <div style=\"margin-top: 16px; padding-left: 40px; color: #4b5563;\">\n                        <p>Le collectif \u00ab Notre atout, c\u2019est Menou \u00bb ne pourra \u00eatre tenu pour responsable des dommages directs et indirects caus\u00e9s au mat\u00e9riel de l\u2019utilisateur, lors de l\u2019acc\u00e8s au site www.notreatoutcestmenou.fr.<\/p>\n                    <\/div>\n                <\/div>\n            <\/section>\n\n            <!-- Section de la Politique de Confidentialit\u00e9 -->\n            <section id=\"politique-confidentialite\" style=\"margin-top: 48px;\">\n                <h2 style=\"color: #81be35; border-bottom-color: #81be35;\">Politique de Confidentialit\u00e9 (RGPD)<\/h2>\n                \n                <div style=\"display: flex; flex-direction: column; gap: 24px;\">\n                    <p style=\"color: #4b5563;\">Le collectif \u00ab Notre atout, c\u2019est Menou \u00bb s\u2019engage \u00e0 ce que la collecte et le traitement de vos donn\u00e9es, effectu\u00e9s \u00e0 partir du site <a href=\"http:\/\/www.notreatoutcestmenou.fr\">www.notreatoutcestmenou.fr<\/a>, soient conformes au r\u00e8glement g\u00e9n\u00e9ral sur la protection des donn\u00e9es (RGPD) et \u00e0 la loi Informatique et Libert\u00e9s.<\/p>\n                    \n                    <!-- Carte pour le responsable du traitement -->\n                    <div style=\"background-color: #ffffff; padding: 24px; border-radius: 8px; box-shadow: 0 1px 3px 0 rgba(0, 0, 0, 0.1), 0 1px 2px 0 rgba(0, 0, 0, 0.06); border: 1px solid #f3f4f6;\">\n                        <h3>\n                            <svg xmlns=\"http:\/\/www.w3.org\/2000\/svg\" width=\"24\" height=\"24\" viewBox=\"0 0 24 24\" fill=\"none\" stroke=\"#81be35\" stroke-width=\"2\" stroke-linecap=\"round\" stroke-linejoin=\"round\"><path d=\"M20 21v-2a4 4 0 0 0-4-4H8a4 4 0 0 0-4 4v2\"><\/path><circle cx=\"12\" cy=\"7\" r=\"4\"><\/circle><\/svg>\n                            1. Responsable du traitement des donn\u00e9es\n                        <\/h3>\n                        <p style=\"margin-top: 16px; padding-left: 40px; color: #4b5563;\">Le responsable du traitement des donn\u00e9es personnelles est Monsieur J\u00e9r\u00e9my DEL BONTA, joignable via le formulaire de contact du site.<\/p>\n                    <\/div>\n\n                    <!-- Carte pour les donn\u00e9es collect\u00e9es -->\n                    <div style=\"background-color: #ffffff; padding: 24px; border-radius: 8px; box-shadow: 0 1px 3px 0 rgba(0, 0, 0, 0.1), 0 1px 2px 0 rgba(0, 0, 0, 0.06); border: 1px solid #f3f4f6;\">\n                        <h3>\n                            <svg xmlns=\"http:\/\/www.w3.org\/2000\/svg\" width=\"24\" height=\"24\" viewBox=\"0 0 24 24\" fill=\"none\" stroke=\"#81be35\" stroke-width=\"2\" stroke-linecap=\"round\" stroke-linejoin=\"round\"><path d=\"M2 3h6a4 4 0 0 1 4 4v14a3 3 0 0 0-3-3H2z\"><\/path><path d=\"M22 3h-6a4 4 0 0 0-4 4v14a3 3 0 0 1 3-3h7z\"><\/path><\/svg>\n                            2. Donn\u00e9es collect\u00e9es et finalit\u00e9s\n                        <\/h3>\n                        <div style=\"margin-top: 16px; padding-left: 40px; color: #4b5563; display: flex; flex-direction: column; gap: 12px;\">\n                            <p>Nous collectons les donn\u00e9es personnelles que vous nous fournissez volontairement via le formulaire de contact (h\u00e9berg\u00e9 sur Google Forms). Ces donn\u00e9es peuvent inclure : nom, pr\u00e9nom, adresse e-mail, num\u00e9ro de t\u00e9l\u00e9phone, adresse postale, ainsi que vos messages, id\u00e9es ou propositions.<\/p>\n                            <p>Ces donn\u00e9es sont collect\u00e9es pour les finalit\u00e9s suivantes :<\/p>\n                            <ul style=\"list-style-type: disc; padding-left: 20px; display: flex; flex-direction: column; gap: 4px;\">\n                                <li>R\u00e9pondre \u00e0 vos demandes d\u2019information.<\/li>\n                                <li>G\u00e9rer votre adh\u00e9sion au collectif ou votre participation en tant que b\u00e9n\u00e9vole.<\/li>\n                                <li>Recueillir vos id\u00e9es et propositions pour le projet citoyen.<\/li>\n                                <li>Vous communiquer des informations relatives \u00e0 l\u2019actualit\u00e9 de notre campagne municipale.<\/li>\n                            <\/ul>\n                        <\/div>\n                    <\/div>\n\n                    <!-- Autres cartes pour la politique de confidentialit\u00e9 -->\n                    <div style=\"background-color: #ffffff; padding: 24px; border-radius: 8px; box-shadow: 0 1px 3px 0 rgba(0, 0, 0, 0.1), 0 1px 2px 0 rgba(0, 0, 0, 0.06); border: 1px solid #f3f4f6;\"><h3><svg xmlns=\"http:\/\/www.w3.org\/2000\/svg\" width=\"24\" height=\"24\" viewBox=\"0 0 24 24\" fill=\"none\" stroke=\"#81be35\" stroke-width=\"2\" stroke-linecap=\"round\" stroke-linejoin=\"round\"><path d=\"M14 9V5a3 3 0 0 0-3-3l-4 9v11h11.28a2 2 0 0 0 2-1.7l1.38-9a2 2 0 0 0-2-2.3zM7 22H4a2 2 0 0 1-2-2v-7a2 2 0 0 1 2-2h3\"><\/path><\/svg>3. Base l\u00e9gale du traitement<\/h3><p style=\"margin-top: 16px; padding-left: 40px; color: #4b5563;\">Le traitement de vos donn\u00e9es personnelles est fond\u00e9 sur votre consentement explicite, mat\u00e9rialis\u00e9 par la case \u00e0 cocher obligatoire pr\u00e9sente sur le formulaire avant sa soumission.<\/p><\/div>\n                    <div style=\"background-color: #ffffff; padding: 24px; border-radius: 8px; box-shadow: 0 1px 3px 0 rgba(0, 0, 0, 0.1), 0 1px 2px 0 rgba(0, 0, 0, 0.06); border: 1px solid #f3f4f6;\"><h3><svg xmlns=\"http:\/\/www.w3.org\/2000\/svg\" width=\"24\" height=\"24\" viewBox=\"0 0 24 24\" fill=\"none\" stroke=\"#81be35\" stroke-width=\"2\" stroke-linecap=\"round\" stroke-linejoin=\"round\"><path d=\"M10 2h4\"><\/path><path d=\"M12 14v-4\"><\/path><path d=\"M4 14a8 8 0 0 1 16 0H4z\"><\/path><path d=\"M21 14a4 4 0 0 0-4-4h-2\"><\/path><path d=\"M7 10H5a4 4 0 0 0-4 4\"><\/path><\/svg>4. Dur\u00e9e de conservation des donn\u00e9es<\/h3><p style=\"margin-top: 16px; padding-left: 40px; color: #4b5563;\">Conform\u00e9ment \u00e0 la finalit\u00e9 de la collecte, vos donn\u00e9es personnelles seront conserv\u00e9es pendant la dur\u00e9e de la campagne \u00e9lectorale municipale et seront int\u00e9gralement et d\u00e9finitivement supprim\u00e9es au plus tard le 1er avril 2026.<\/p><\/div>\n                    <div style=\"background-color: #ffffff; padding: 24px; border-radius: 8px; box-shadow: 0 1px 3px 0 rgba(0, 0, 0, 0.1), 0 1px 2px 0 rgba(0, 0, 0, 0.06); border: 1px solid #f3f4f6;\"><h3><svg xmlns=\"http:\/\/www.w3.org\/2000\/svg\" width=\"24\" height=\"24\" viewBox=\"0 0 24 24\" fill=\"none\" stroke=\"#81be35\" stroke-width=\"2\" stroke-linecap=\"round\" stroke-linejoin=\"round\"><path d=\"M12.22 2h-4.44a2 2 0 0 0-2 2v16a2 2 0 0 0 2 2h8.88a2 2 0 0 0 2-2v-8.88z\"><\/path><path d=\"M18 2h2v2h-2z\"><\/path><path d=\"M15 2h2v2h-2z\"><\/path><path d=\"M12 2h2v2h-2z\"><\/path><\/svg>5. Vos droits sur vos donn\u00e9es<\/h3><div style=\"margin-top: 16px; padding-left: 40px; color: #4b5563; display: flex; flex-direction: column; gap: 12px;\"><p>Conform\u00e9ment \u00e0 la r\u00e9glementation en vigueur, vous disposez des droits suivants concernant vos donn\u00e9es personnelles :<\/p><ul style=\"list-style-type: disc; padding-left: 20px; display: flex; flex-direction: column; gap: 4px;\"><li>Droit d\u2019acc\u00e8s, de rectification, et \u00e0 l\u2019effacement (ou \u00ab droit \u00e0 l\u2019oubli \u00bb).<\/li><li>Droit \u00e0 la limitation du traitement.<\/li><li>Droit \u00e0 la portabilit\u00e9.<\/li><li>Droit d\u2019opposition.<\/li><\/ul><p>Pour exercer ces droits, vous pouvez nous contacter directement via le formulaire de contact pr\u00e9sent sur le site.<\/p><\/div><\/div>\n                    <div style=\"background-color: #ffffff; padding: 24px; border-radius: 8px; box-shadow: 0 1px 3px 0 rgba(0, 0, 0, 0.1), 0 1px 2px 0 rgba(0, 0, 0, 0.06); border: 1px solid #f3f4f6;\"><h3><svg xmlns=\"http:\/\/www.w3.org\/2000\/svg\" width=\"24\" height=\"24\" viewBox=\"0 0 24 24\" fill=\"none\" stroke=\"#81be35\" stroke-width=\"2\" stroke-linecap=\"round\" stroke-linejoin=\"round\"><path d=\"M21.5 2.5a2.121 2.121 0 0 1 0 3l-11 11L2 21l6.5-6.5 11-11a2.121 2.121 0 0 1 3 0z\"><\/path><line x1=\"14.5\" y1=\"9.5\" x2=\"18.5\" y2=\"5.5\"><\/line><\/svg>6. Transfert des donn\u00e9es<\/h3><p style=\"margin-top: 16px; padding-left: 40px; color: #4b5563;\">Les donn\u00e9es collect\u00e9es via le formulaire sont trait\u00e9es et stock\u00e9es par le service Google Forms, de la soci\u00e9t\u00e9 Google LLC. Ce transfert de donn\u00e9es en dehors de l\u2019Union Europ\u00e9enne est encadr\u00e9 par les clauses contractuelles types de la Commission Europ\u00e9enne, qui garantissent un niveau de protection des donn\u00e9es ad\u00e9quat.<\/p><\/div>\n                    <div style=\"background-color: #ffffff; padding: 24px; border-radius: 8px; box-shadow: 0 1px 3px 0 rgba(0, 0, 0, 0.1), 0 1px 2px 0 rgba(0, 0, 0, 0.06); border: 1px solid #f3f4f6;\"><h3><svg xmlns=\"http:\/\/www.w3.org\/2000\/svg\" width=\"24\" height=\"24\" viewBox=\"0 0 24 24\" fill=\"none\" stroke=\"#81be35\" stroke-width=\"2\" stroke-linecap=\"round\" stroke-linejoin=\"round\"><path d=\"M21.21 15.89A10 10 0 1 1 8 2.83\"><\/path><path d=\"M22 12A10 10 0 0 0 12 2v10z\"><\/path><\/svg>7. Cookies<\/h3><p style=\"margin-top: 16px; padding-left: 40px; color: #4b5563;\">Le site www.notreatoutcestmenou.fr n\u2019utilise pas de cookies de suivi ou de mesure d\u2019audience (tels que Google Analytics). Seuls des cookies techniques, strictement n\u00e9cessaires au bon fonctionnement du site, peuvent \u00eatre utilis\u00e9s.<\/p><\/div>\n                <\/div>\n            <\/section>\n        <\/main>\n    <\/div>\n<\/div>\n<!-- Fin du bloc de contenu -->\n\n","protected":false},"excerpt":{"rendered":"<p>Mentions L\u00e9gales &#038; Politique de Confidentialit\u00e9 Informations l\u00e9gales concernant le site www.notreatoutcestmenou.fr Mentions L\u00e9gales 1. \u00c9dition du site Le site www.notreatoutcestmenou.fr est \u00e9dit\u00e9 par le collectif citoyen \u00ab Notre atout, c\u2019est Menou \u00bb. Responsable de la publication : Monsieur J\u00e9r\u00e9my DEL BONTA 7 Rue Dom P\u00e9rignon 51800 Sainte-Menehould Note : En tant que responsable de&hellip;&nbsp;<\/p>\n","protected":false},"author":1,"featured_media":0,"parent":0,"menu_order":0,"comment_status":"closed","ping_status":"closed","template":"","meta":{"neve_meta_sidebar":"","neve_meta_container":"","neve_meta_enable_content_width":"","neve_meta_content_width":0,"neve_meta_title_alignment":"","neve_meta_author_avatar":"","neve_post_elements_order":"","neve_meta_disable_header":"","neve_meta_disable_footer":"","neve_meta_disable_title":"","footnotes":""},"class_list":["post-235","page","type-page","status-publish","hentry"],"_links":{"self":[{"href":"https:\/\/notreatoutcestmenou.fr\/index.php?rest_route=\/wp\/v2\/pages\/235","targetHints":{"allow":["GET"]}}],"collection":[{"href":"https:\/\/notreatoutcestmenou.fr\/index.php?rest_route=\/wp\/v2\/pages"}],"about":[{"href":"https:\/\/notreatoutcestmenou.fr\/index.php?rest_route=\/wp\/v2\/types\/page"}],"author":[{"embeddable":true,"href":"https:\/\/notreatoutcestmenou.fr\/index.php?rest_route=\/wp\/v2\/users\/1"}],"replies":[{"embeddable":true,"href":"https:\/\/notreatoutcestmenou.fr\/index.php?rest_route=%2Fwp%2Fv2%2Fcomments&post=235"}],"version-history":[{"count":6,"href":"https:\/\/notreatoutcestmenou.fr\/index.php?rest_route=\/wp\/v2\/pages\/235\/revisions"}],"predecessor-version":[{"id":245,"href":"https:\/\/notreatoutcestmenou.fr\/index.php?rest_route=\/wp\/v2\/pages\/235\/revisions\/245"}],"wp:attachment":[{"href":"https:\/\/notreatoutcestmenou.fr\/index.php?rest_route=%2Fwp%2Fv2%2Fmedia&parent=235"}],"curies":[{"name":"wp","href":"https:\/\/api.w.org\/{rel}","templated":true}]}}