{"id":631,"date":"2026-02-28T10:00:00","date_gmt":"2026-02-28T10:00:00","guid":{"rendered":"https:\/\/notreatoutcestmenou.fr\/?page_id=631"},"modified":"2026-03-02T09:30:46","modified_gmt":"2026-03-02T09:30:46","slug":"programme","status":"publish","type":"page","link":"https:\/\/notreatoutcestmenou.fr\/?page_id=631","title":{"rendered":"Programme Municipal 2026 : Le projet pour Sainte-Menehould"},"content":{"rendered":"\n<!-- ========================================================================= -->\n<!-- BLOC WORDPRESS : PROGRAMME NACM - NOTRE ATOUT C'EST MENOU !               -->\n<!-- ========================================================================= -->\n\n<!-- 1. D\u00e9pendances Initiales -->\n<link href=\"https:\/\/fonts.googleapis.com\/css2?family=Montserrat:wght@300;400;600;700;800&#038;display=swap\" rel=\"stylesheet\">\n<script src=\"https:\/\/cdn.tailwindcss.com\"><\/script>\n<script>\n  tailwind.config = {\n    theme: {\n      extend: {\n        colors: {\n          nacmWhite: '#ffffff',\n          nacmLightGreen: '#81be35',\n          nacmDarkBlue: '#0c6aa7',\n          nacmDarkGreen: '#378e30',\n          nacmLightBlue: '#209dd7',\n          nacmOrange: '#f4a261',\n          nacmYellow: '#dfad05',\n          nacmBg: '#f8fafc', \/* Fond tr\u00e8s l\u00e9ger pour contraster avec les cartes blanches *\/\n        },\n        fontFamily: {\n          sans: ['Montserrat', 'sans-serif'],\n        }\n      }\n    }\n  }\n<\/script>\n\n<!-- 2. Styles Encapsul\u00e9s -->\n<style>\n  \/* Tous les styles sont pr\u00e9fix\u00e9s pour \u00e9viter les conflits avec le th\u00e8me WordPress *\/\n  .nacm-programme-container {\n    font-family: 'Montserrat', sans-serif;\n    color: #334155;\n    line-height: 1.6;\n  }\n  \n  .nacm-programme-container .nacm-card {\n    transition: all 0.3s ease;\n  }\n  \n  .nacm-programme-container .nacm-card:hover {\n    transform: translateY(-5px);\n    box-shadow: 0 10px 25px -5px rgba(0, 0, 0, 0.1), 0 8px 10px -6px rgba(0, 0, 0, 0.1);\n  }\n\n  .nacm-programme-container .nacm-list-item {\n    position: relative;\n    padding-left: 1.75rem;\n    margin-bottom: 0.75rem;\n  }\n\n  .nacm-programme-container .nacm-list-item::before {\n    content: '\u2192';\n    position: absolute;\n    left: 0;\n    top: 0;\n    font-weight: bold;\n  }\n\n  \/* Puces de listes aux couleurs de la charte *\/\n  .nacm-list-item-darkblue::before { color: #0c6aa7; }\n  .nacm-list-item-darkgreen::before { color: #378e30; }\n  .nacm-list-item-lightblue::before { color: #209dd7; }\n<\/style>\n\n<!-- 3. Conteneur Principal et Contenu -->\n<div class=\"nacm-programme-container bg-nacmBg py-12 px-4 sm:px-6 lg:px-8 rounded-2xl my-8\">\n  \n  <!-- En-t\u00eate \/ Header -->\n  <header class=\"text-center max-w-4xl mx-auto mb-16\">\n\n    <h1 class=\"text-4xl md:text-5xl font-extrabold text-gray-900 mb-6 leading-tight\">\n      <span class=\"text-nacmDarkBlue\">Le Programme<\/span>\n    <\/h1>\n    <p class=\"text-xl text-gray-600 mb-4 font-light\">\n      Avec une \u00e9quipe engag\u00e9e, nous proposons un engagement de v\u00e9rit\u00e9 fond\u00e9 sur le travail, la transparence et le lien permanent avec les habitants.\n    <\/p>\n    <p class=\"text-lg font-semibold text-nacmDarkGreen\">\n      Pour Sainte-M\u00e9nehould, nous promettons des projets r\u00e9alistes, et des actions concr\u00e8tes.\n    <\/p>\n  <\/header>\n\n  <!-- Grille des 3 Piliers Principaux -->\n  <div class=\"grid grid-cols-1 md:grid-cols-3 gap-8 max-w-7xl mx-auto mb-12\">\n    \n    <!-- Carte 1 : Lien et Proximit\u00e9 (Bleu fonc\u00e9) -->\n    <div class=\"nacm-card bg-nacmWhite rounded-xl shadow-md p-8 border-t-4 border-nacmDarkBlue relative overflow-hidden\">\n      <div class=\"absolute top-0 right-0 -mt-4 -mr-4 w-24 h-24 bg-nacmDarkBlue rounded-full z-0 opacity-10\"><\/div>\n      <div class=\"relative z-10\">\n        <div class=\"w-14 h-14 bg-nacmDarkBlue bg-opacity-10 text-nacmDarkBlue rounded-lg flex items-center justify-center mb-6\">\n          <svg class=\"w-8 h-8\" fill=\"none\" stroke=\"currentColor\" viewBox=\"0 0 24 24\"><path stroke-linecap=\"round\" stroke-linejoin=\"round\" stroke-width=\"2\" d=\"M17 20h5v-2a3 3 0 00-5.356-1.857M17 20H7m10 0v-2c0-.656-.126-1.283-.356-1.857M7 20H2v-2a3 3 0 015.356-1.857M7 20v-2c0-.656.126-1.283.356-1.857m0 0a5.002 5.002 0 019.288 0M15 7a3 3 0 11-6 0 3 3 0 016 0zm6 3a2 2 0 11-4 0 2 2 0 014 0zM7 10a2 2 0 11-4 0 2 2 0 014 0z\"><\/path><\/svg>\n        <\/div>\n        <h2 class=\"text-2xl font-bold text-gray-900 mb-6\">Tisser le lien<br>et la proximit\u00e9<\/h2>\n        <ul class=\"text-gray-600 space-y-3\">\n          <li class=\"nacm-list-item nacm-list-item-darkblue\">Institutionnaliser les r\u00e9f\u00e9rents de quartiers.<\/li>\n          <li class=\"nacm-list-item nacm-list-item-darkblue\">Communiquer de fa\u00e7on claire, accessible et r\u00e9guli\u00e8re.<\/li>\n          <li class=\"nacm-list-item nacm-list-item-darkblue\">Cr\u00e9er un P\u00f4le des Associations.<\/li>\n          <li class=\"nacm-list-item nacm-list-item-darkblue\">Dynamiser l&rsquo;animation sociale, culturelle et environnementale.<\/li>\n          <li class=\"nacm-list-item nacm-list-item-darkblue\">Agir sp\u00e9cifiquement pour la jeunesse.<\/li>\n          <li class=\"nacm-list-item nacm-list-item-darkblue\">Renforcer la coop\u00e9ration avec les acteurs locaux et institutionnels.<\/li>\n        <\/ul>\n      <\/div>\n    <\/div>\n\n    <!-- Carte 2 : Activit\u00e9 et Attractivit\u00e9 (Vert fonc\u00e9) -->\n    <div class=\"nacm-card bg-nacmWhite rounded-xl shadow-md p-8 border-t-4 border-nacmOrange relative overflow-hidden\">\n      <div class=\"absolute top-0 right-0 -mt-4 -mr-4 w-24 h-24 bg-nacmOrange rounded-full z-0 opacity-10\"><\/div>\n      <div class=\"relative z-10\">\n        <div class=\"w-14 h-14 bg-nacmOrange bg-opacity-10 text-nacmOrange rounded-lg flex items-center justify-center mb-6\">\n          <svg class=\"w-8 h-8\" fill=\"none\" stroke=\"currentColor\" viewBox=\"0 0 24 24\"><path stroke-linecap=\"round\" stroke-linejoin=\"round\" stroke-width=\"2\" d=\"M13 7h8m0 0v8m0-8l-8 8-4-4-6 6\"><\/path><\/svg>\n        <\/div>\n        <h2 class=\"text-2xl font-bold text-gray-900 mb-6\">D\u00e9velopper l&rsquo;activit\u00e9<br>et l&rsquo;attractivit\u00e9<\/h2>\n        <ul class=\"text-gray-600 space-y-3\">\n          <li class=\"nacm-list-item nacm-list-item-lightblue\">Soutenir les entrepreneurs, artisans et commer\u00e7ants (r\u00e9seaux professionnels).<\/li>\n          <li class=\"nacm-list-item nacm-list-item-lightblue\">Cr\u00e9er un tiers-lieu entrepreneurial, puis une Maison des Entreprises (bureaux partag\u00e9s).<\/li>\n          <li class=\"nacm-list-item nacm-list-item-lightblue\">Adapter le logement pour accueillir jeunes actifs et nouvelles familles.<\/li>\n          <li class=\"nacm-list-item nacm-list-item-lightblue\">Faciliter vos d\u00e9placements gr\u00e2ce \u00e0 un Plan de Mobilit\u00e9.<\/li>\n          <li class=\"nacm-list-item nacm-list-item-lightblue\">Valoriser le potentiel touristique de notre territoire.<\/li>\n        <\/ul>\n      <\/div>\n    <\/div>\n\n    <!-- Carte 3 : Quotidien et Cadre de Vie (Bleu clair) -->\n    <div class=\"nacm-card bg-nacmWhite rounded-xl shadow-md p-8 border-t-4 border-nacmDarkGreen relative overflow-hidden\">\n      <div class=\"absolute top-0 right-0 -mt-4 -mr-4 w-24 h-24 bg-nacmDarkGreen rounded-full z-0 opacity-10\"><\/div>\n      <div class=\"relative z-10\">\n        <div class=\"w-14 h-14 bg-nacmDarkGreen bg-opacity-10 text-nacmDarkGreen rounded-lg flex items-center justify-center mb-6\">\n          <svg class=\"w-8 h-8\" fill=\"none\" stroke=\"currentColor\" viewBox=\"0 0 24 24\"><path stroke-linecap=\"round\" stroke-linejoin=\"round\" stroke-width=\"2\" d=\"M3 12l2-2m0 0l7-7 7 7M5 10v10a1 1 0 001 1h3m10-11l2 2m-2-2v10a1 1 0 01-1 1h-3m-6 0a1 1 0 001-1v-4a1 1 0 011-1h2a1 1 0 011 1v4a1 1 0 001 1m-6 0h6\"><\/path><\/svg>\n        <\/div>\n        <h2 class=\"text-2xl font-bold text-gray-900 mb-6\">Am\u00e9liorer le quotidien<br>et le cadre de vie<\/h2>\n        <ul class=\"text-gray-600 space-y-3\">\n          <li class=\"nacm-list-item nacm-list-item-darkgreen\">Rapprocher les services municipaux pour plus d&rsquo;efficacit\u00e9.<\/li>\n          <li class=\"nacm-list-item nacm-list-item-darkgreen\">Embellir la ville : propret\u00e9 et journ\u00e9es citoyennes.<\/li>\n          <li class=\"nacm-list-item nacm-list-item-darkgreen\">S\u00e9curiser et apaiser la circulation.<\/li>\n          <li class=\"nacm-list-item nacm-list-item-darkgreen\">Moderniser les \u00e9quipements urbains et l&rsquo;\u00e9clairage.<\/li>\n          <li class=\"nacm-list-item nacm-list-item-darkgreen\">Entretenir les espaces publics et d\u00e9velopper les mobilit\u00e9s douces.<\/li>\n        <\/ul>\n      <\/div>\n    <\/div>\n  <\/div>\n\n  <!-- Section Highlight : Premi\u00e8re Ann\u00e9e -->\n  <div class=\"max-w-5xl mx-auto\">\n    <div class=\"nacm-card bg-nacmDarkBlue rounded-2xl shadow-xl p-8 md:p-12 text-nacmWhite relative overflow-hidden\">\n      <!-- Forme d\u00e9corative pour le fond de la carte -->\n      <div class=\"absolute top-0 right-0 -mr-16 -mt-16 w-64 h-64 bg-nacmLightBlue rounded-full opacity-20\"><\/div>\n      \n      <div class=\"flex flex-col md:flex-row items-center justify-between mb-8 relative z-10\">\n        <div>\n          <h2 class=\"text-3xl font-extrabold text-nacmWhite mb-2\">Premi\u00e8re Ann\u00e9e :<\/h2>\n          <p class=\"text-xl text-nacmLightGreen font-semibold uppercase tracking-wide\">L&rsquo;action concr\u00e8te, le budget ma\u00eetris\u00e9<\/p>\n        <\/div>\n        <div class=\"hidden md:block bg-nacmWhite bg-opacity-10 p-4 rounded-full\">\n          <svg class=\"w-10 h-10 text-nacmLightGreen\" fill=\"none\" stroke=\"currentColor\" viewBox=\"0 0 24 24\"><path stroke-linecap=\"round\" stroke-linejoin=\"round\" stroke-width=\"2\" d=\"M8 7V3m8 4V3m-9 8h10M5 21h14a2 2 0 002-2V7a2 2 0 00-2-2H5a2 2 0 00-2 2v12a2 2 0 002 2z\"><\/path><\/svg>\n        <\/div>\n      <\/div>\n      \n      <div class=\"grid grid-cols-1 md:grid-cols-2 gap-x-12 gap-y-4 relative z-10\">\n        <ul class=\"space-y-4\">\n          <li class=\"flex items-start\">\n            <svg class=\"w-6 h-6 text-nacmLightGreen mr-3 mt-0.5 flex-shrink-0\" fill=\"none\" stroke=\"currentColor\" viewBox=\"0 0 24 24\"><path stroke-linecap=\"round\" stroke-linejoin=\"round\" stroke-width=\"2\" d=\"M5 13l4 4L19 7\"><\/path><\/svg>\n            <span class=\"text-nacmWhite\">Obtention du label <strong>\u00ab Village \u00c9tape \u00bb<\/strong>.<\/span>\n          <\/li>\n          <li class=\"flex items-start\">\n            <svg class=\"w-6 h-6 text-nacmLightGreen mr-3 mt-0.5 flex-shrink-0\" fill=\"none\" stroke=\"currentColor\" viewBox=\"0 0 24 24\"><path stroke-linecap=\"round\" stroke-linejoin=\"round\" stroke-width=\"2\" d=\"M5 13l4 4L19 7\"><\/path><\/svg>\n            <span class=\"text-nacmWhite\">\u00c9tudes pour la Maison des Entreprises et le Plan de Mobilit\u00e9.<\/span>\n          <\/li>\n          <li class=\"flex items-start\">\n            <svg class=\"w-6 h-6 text-nacmLightGreen mr-3 mt-0.5 flex-shrink-0\" fill=\"none\" stroke=\"currentColor\" viewBox=\"0 0 24 24\"><path stroke-linecap=\"round\" stroke-linejoin=\"round\" stroke-width=\"2\" d=\"M5 13l4 4L19 7\"><\/path><\/svg>\n            <span class=\"text-nacmWhite\">S\u00e9curisation et mise aux normes PMR des espaces pi\u00e9tons.<\/span>\n          <\/li>\n          <li class=\"flex items-start\">\n            <svg class=\"w-6 h-6 text-nacmLightGreen mr-3 mt-0.5 flex-shrink-0\" fill=\"none\" stroke=\"currentColor\" viewBox=\"0 0 24 24\"><path stroke-linecap=\"round\" stroke-linejoin=\"round\" stroke-width=\"2\" d=\"M5 13l4 4L19 7\"><\/path><\/svg>\n            <span class=\"text-nacmWhite\">R\u00e9habilitation des friches urbaines.<\/span>\n          <\/li>\n        <\/ul>\n        <ul class=\"space-y-4\">\n          <li class=\"flex items-start\">\n            <svg class=\"w-6 h-6 text-nacmLightGreen mr-3 mt-0.5 flex-shrink-0\" fill=\"none\" stroke=\"currentColor\" viewBox=\"0 0 24 24\"><path stroke-linecap=\"round\" stroke-linejoin=\"round\" stroke-width=\"2\" d=\"M5 13l4 4L19 7\"><\/path><\/svg>\n            <span class=\"text-nacmWhite\">D\u00e9ploiement du r\u00e9seau cyclable (Grange aux Bois, les Accrues, Vertes-Voyes).<\/span>\n          <\/li>\n          <li class=\"flex items-start\">\n            <svg class=\"w-6 h-6 text-nacmLightGreen mr-3 mt-0.5 flex-shrink-0\" fill=\"none\" stroke=\"currentColor\" viewBox=\"0 0 24 24\"><path stroke-linecap=\"round\" stroke-linejoin=\"round\" stroke-width=\"2\" d=\"M5 13l4 4L19 7\"><\/path><\/svg>\n            <span class=\"text-nacmWhite\">Transparence : bo\u00eete \u00e0 id\u00e9es et responsabilisation de chaque \u00e9lu.<\/span>\n          <\/li>\n          <li class=\"flex items-start\">\n            <svg class=\"w-6 h-6 text-nacmLightGreen mr-3 mt-0.5 flex-shrink-0\" fill=\"none\" stroke=\"currentColor\" viewBox=\"0 0 24 24\"><path stroke-linecap=\"round\" stroke-linejoin=\"round\" stroke-width=\"2\" d=\"M5 13l4 4L19 7\"><\/path><\/svg>\n            <span class=\"text-nacmWhite\">Lancement des op\u00e9rations citoyennes \u00ab Ville propre et accueillante \u00bb.<\/span>\n          <\/li>\n          <li class=\"flex items-start\">\n            <svg class=\"w-6 h-6 text-nacmLightGreen mr-3 mt-0.5 flex-shrink-0\" fill=\"none\" stroke=\"currentColor\" viewBox=\"0 0 24 24\"><path stroke-linecap=\"round\" stroke-linejoin=\"round\" stroke-width=\"2\" d=\"M5 13l4 4L19 7\"><\/path><\/svg>\n            <span class=\"text-nacmWhite\">Soutien imm\u00e9diat : premi\u00e8res activit\u00e9s du tiers-lieu et du p\u00f4le associatif.<\/span>\n          <\/li>\n        <\/ul>\n      <\/div>\n    <\/div>\n  <\/div>\n\n  <!-- Call To Action Final -->\n  <div class=\"mt-16 text-center\">\n    <div class=\"inline-block bg-nacmWhite border-2 border-nacmOrange py-4 px-8 rounded-full shadow-lg\">\n      <p class=\"text-xl font-bold text-gray-800 mb-1\">LE <span class=\"text-nacmDarkGreen\">15 MARS<\/span> &#038; <span class=\"text-nacmDarkGreen\">22 MARS<\/span> 2026<\/p>\n      <p class=\"text-2xl font-extrabold text-nacmDarkBlue uppercase\">Je vote R\u00e9gis PIOT pour l&rsquo;avenir de ma ville !<\/p>\n    <\/div>\n\n<\/div>\n","protected":false},"excerpt":{"rendered":"<p>Le Programme Avec une \u00e9quipe engag\u00e9e, nous proposons un engagement de v\u00e9rit\u00e9 fond\u00e9 sur le travail, la transparence et le lien permanent avec les habitants. Pour Sainte-M\u00e9nehould, nous promettons des projets r\u00e9alistes, et des actions concr\u00e8tes. Tisser le lienet la proximit\u00e9 Institutionnaliser les r\u00e9f\u00e9rents de quartiers. Communiquer de fa\u00e7on claire, accessible et r\u00e9guli\u00e8re. Cr\u00e9er un&hellip;&nbsp;<\/p>\n","protected":false},"author":1,"featured_media":0,"parent":0,"menu_order":0,"comment_status":"closed","ping_status":"closed","template":"","meta":{"neve_meta_sidebar":"","neve_meta_container":"","neve_meta_enable_content_width":"","neve_meta_content_width":0,"neve_meta_title_alignment":"","neve_meta_author_avatar":"","neve_post_elements_order":"","neve_meta_disable_header":"","neve_meta_disable_footer":"","neve_meta_disable_title":"","footnotes":""},"class_list":["post-631","page","type-page","status-publish","hentry"],"_links":{"self":[{"href":"https:\/\/notreatoutcestmenou.fr\/index.php?rest_route=\/wp\/v2\/pages\/631","targetHints":{"allow":["GET"]}}],"collection":[{"href":"https:\/\/notreatoutcestmenou.fr\/index.php?rest_route=\/wp\/v2\/pages"}],"about":[{"href":"https:\/\/notreatoutcestmenou.fr\/index.php?rest_route=\/wp\/v2\/types\/page"}],"author":[{"embeddable":true,"href":"https:\/\/notreatoutcestmenou.fr\/index.php?rest_route=\/wp\/v2\/users\/1"}],"replies":[{"embeddable":true,"href":"https:\/\/notreatoutcestmenou.fr\/index.php?rest_route=%2Fwp%2Fv2%2Fcomments&post=631"}],"version-history":[{"count":4,"href":"https:\/\/notreatoutcestmenou.fr\/index.php?rest_route=\/wp\/v2\/pages\/631\/revisions"}],"predecessor-version":[{"id":645,"href":"https:\/\/notreatoutcestmenou.fr\/index.php?rest_route=\/wp\/v2\/pages\/631\/revisions\/645"}],"wp:attachment":[{"href":"https:\/\/notreatoutcestmenou.fr\/index.php?rest_route=%2Fwp%2Fv2%2Fmedia&parent=631"}],"curies":[{"name":"wp","href":"https:\/\/api.w.org\/{rel}","templated":true}]}}